
-8
Calculate 3 - (8 - 4) - (-12 - -5) - -4.
10
Calculate 2 - 26 - -11 - 8.
-21
(0 - (1 + -10)) + (8 - 41) + 5
-19
Evaluate 3 + -9 - ((1 - 3) + -5).
1
Calculate (0 + 1 - 7) + (30 - 24) - 6.
-6
Evaluate (-8 - ((44 - -7) + -13)) + 7.
-39
What is 18 + -1 - (32 + -17 - 2)?
4
Evaluate 95 + -120 - (-49 + 2).
22
What is 6 + 0 + -1 + -112 + 29 + 60?
-18
Calculate 15 - 5 - (-1 + 2 + -4 + 17).
-4
What is the value of 0 - -12 - (1 + 0) - (-15585 + 15585)?
11
What is the value of -4 - (18 + -8 + -22 + 18)?
-10
-2 + (9 - 10) + 13
10
What is the value of 18 - 14 - (-1 - -7) - 4?
-6
Calculate -434 - -432 - (1 + -1 - -1).
-3
What is (13 - -1 - 19) + 19 - 24?
-10
Evaluate -10 + 20 + -21 + 15.
4
Evaluate (-15 + 21 - -5) + -19 + 14.
6
What is 20 + -1 + (-20 - -10)?
9
What is the value of 14 + (7 - 28) - (0 - -2)?
-9
What is the value of (2 + -2 - (-5 - 2)) + -14?
-7
Calculate (253 - 257) + (0 - -11).
7
Calculate -5 + 1 + -19 + -33 + 36.
-20
Calculate 1 + 10 - (-17 + (-14 - -12 - -14)).
16
What is the value of (1 - 1) + (51 + 12 - 74)?
-11
Calculate (-125 - -123) + (2 - (-11 + -1)).
12
Calculate 5 - (15 + (-2 - ((6 - 11) + 9))).
-4
Calculate (-14 - (8 + -15)) + 12.
5
What is the value of 35 - (6 - ((-3 - -8) + -4))?
30
What is -18 - (0 - (16 + -7))?
-9
Evaluate -5 - (19 - 4) - (3 - 13).
-10
What is -50 + 61 + -20 + 6?
-3
(0 + -4 - (1 + 0)) + (-8 - -1)
-12
What is (-6 - -1 - -12) + -12 + 2?
-3
What is -14 + (15 - 6) - -4?
-1
Evaluate 2 + 1 + (15 - 7) + -10.
1
(77 + -82 - (-6 - -1)) + (-1 - -7)
6
Evaluate -48 + 75 + -3 - (10 - 0).
14
Calculate -35 - (-14 + (1 - 3) - 0).
-19
What is (-94 - -112) + 0 + -15?
3
Evaluate -1 - (16 - 10 - 7) - -5 - -18.
23
What is the value of (-16 - -1) + 107 + -95?
-3
What is 9 - ((-3 - -44) + -16)?
-16
7 - 3 - (101 - 107)
10
What is the value of 77 - (33 - -39) - (-7 - 0)?
12
-13 - (54 - 54 - (5 + 1 - 0))
-7
What is -3 + -6 + -3 + 9?
-3
What is the value of -4 + 6 - -6 - -10 - 8?
10
What is 0 + 1 + 1577 + -1566?
12
-29 + (-8 - (29 - 48))
-18
What is the value of 2 - (1 + (-3 - -1 - 7) + 25)?
-15
Calculate (-207 - -178) + 13 + 0 - -19.
3
What is the value of -1 + (-1 + -6 + 14 - 6) + 5?
5
Evaluate -11 - -4 - (-44 - -39 - (2 - 9)).
-9
What is 2 + 34 + -52 + 34?
18
38 + -14 + (-26 - -25)
23
0 + (0 - -4) + -4 - 7
-7
Calculate -2 + -4 - (-4 + -20 + 32).
-14
Evaluate 2 + 1 + 68 + -50.
21
Calculate 0 + 20 + (2 + -18 - -7).
11
Evaluate -638 - -660 - (0 + 5).
17
What is the value of 1 - -3 - (-12 + 13 + 5)?
-2
17 + (-1 - 1 - (63 + -66))
18
What is the value of 5 + (-14 - 8) + 9 - -12?
4
Evaluate (-1314 - -1321) + 1 + 0 + -1.
7
Evaluate (-5 - -20) + (-8 - 2).
5
What is the value of -1 + (1 - -1) - (-2 + 45 + -36)?
-6
Calculate 966 + -992 + 22 + 0.
-4
Evaluate 3 + -1 + (7 - 15) + 6.
0
Calculate 18 + -8 + -221 + 233.
22
Evaluate -1 + (1 - -11) + -24.
-13
What is the value of -8 - (-2 - 2) - (1 + -7 + 6)?
-4
What is -2 - 4 - (-17 - (4 - 11))?
4
What is (-6 - -12 - 44) + 14 - -15?
-9
Evaluate (-5 - 5 - -12) + -13 + -3.
-14
What is 85 + -86 + (-3 - -1)?
-3
Calculate 2 + (6 - (7 - -12)).
-11
Evaluate -27 + 36 + 18 + -52.
-25
Evaluate -17 + 10 + 18 - -9.
20
What is -4 - (6 - 3) - (4 + -5)?
-6
Evaluate -30 + (-5 - -41) + -6.
0
What is 569 - 602 - (-2 - -8)?
-39
Calculate 6 + -2 + 67 + -83.
-12
-24 + 15 - -17 - ((3 - 2) + 15)
-8
What is -4 + -19 + 25 + 23 + -4?
21
What is the value of 8 - 1 - (-1 + 7) - 6 - -10?
5
4 - (1 + 1 + 5)
-3
-2 + 2 + 11 + (-3 - -7) + -5
10
What is the value of 1 - ((-1 - 5) + -3) - -1?
11
-17 + -14 + (33 - 7)
-5
Calculate (-6 - (-5 - -9 - 3)) + -8.
-15
What is the value of -10 - -2 - (188 + -185 + -3 + -1)?
-7
Evaluate -1 - (4 - 13) - (15 + 2).
-9
20 + -1 + -12 + -8 + 3
2
What is the value of (-5 - 1) + 4 - (-72 + 73)?
-3
Evaluate (-2 - (-30 + (-7 - -20))) + -1.
14
What is 6 - ((3 - -29) + 5)?
-31
Evaluate -21 + 2 + (92 - 78).
-5
Calculate (-5 - -6) + (232 - 261).
-28
What is (1 + 6 - 0) + (-34 - 52 - -75)?
-4
What is the value of -74 - -60 - (-5 - 3)?
-6
Evaluate 3 + -5 - (12 + -8 + -4).
-2
(0 - -6 - -3) + -2
7
27 - -1 - (1236 - 1198)
-10
4 + -2 - 5 - (3 - 15)
9
Calculate 26 - (-12 - -28) - 1.
9
What is the value of (1 - -6) + (-71 - -81) + 1 + 0?
18
What is (0 - (2 - 6)) + -5 - (-31 - -34)?
-4
Evaluate 5 + -10 + -4 - (5 + (-3 - 10)).
-1
Evaluate -17 + 32 + -26 + -1.
-12
Calculate (9 - (10 + -11 + (8 - 1))) + 5.
8
What is the value of (28 + 12 - 24) + -35?
-19
Calculate (13 - (52 - 12 - 10)) + -10 + 3.
-24
(1 - -6) + (-8 - -9) + -2
6
What is the value of (-7 - 3) + -3 + 8?
-5
Calculate -15 + 5 - -5 - (6 - 1).
-10
-35 + 26 - (7 + -19 - 6)
9
Calculate (27 - 24) + -11 - (9 + 0 + 0).
-17
Evaluate (6 + 8 - 7) + 2 + 3.
12
What is the value of 4 + (0 - (2 - (2 + 2)))?
6
Calculate -33 + 29 + (19 - (0 + 0)).
15
(75 - 71) + 1 + -1
4
What is (27 - -6) + 7 + -20?
20
What is -9 + (35 - 9) + (-1 - -19)?
35
Evaluate 74 - 91 - (-9 + -17).
9
What is the value of (-2 - (4 + -3)) + 8 + (8 - 1)?
12
What is the value of 0 + -21 + -7 + 15 + -2?
-15
What is (-17 + 34 + -12 - (1 - -4)) + 3?
3
10 + 11 + -18 - (-6 + (0 - 0))
9
8 + (8 - (6 + 7 + -5))
8
What is -13 + 5 - 0 - (-11 - 23)?
26
Evaluate (-6 - -11) + -5 - -13.
13
What is 64 + -56 - (1 - 0 - -2)?
5
Calculate 33 - 4 - (-5 - -3 - -13).
18
What is (-20 - (-57 + 20)) + (1 - -7)?
25
Evaluate (23 - 2) + -23 + -12.
-14
Evaluate 1 + 2 + -7 + 0 + -29 + 32.
-1
What is the value of -3 - (-12 + (16 - 13) + 10)?
-4
Calculate -4 + 18 - (22 - 16).
8
1 - -5 - (-1 + 1 + 10)
-4
What is the value of -5 + (-61 - -21 - -25)?
-20
Calculate 6 - (5 + 1 - 15) - 5.
10
Evaluate -12 + (-6 - -26) - 5 - 25.
-22
Calculate (0 - -6 - (-4 - -5 - 0)) + -16.
-11
What is -16 - -7 - (-10 + 2 + 0 + -2)?
1
What is the value of -2 - (-7 + -12 + 35)?
-18
What is the value of 7 + (-13 + 8 - -3)?
5
Evaluate (-3 - (-9 - -5)) + -15 + 17 + -7.
-4
What is the value of 0 + (-26 - (-21 + 9))?
-14
0 + 1 + 35 + -121 + 106
21
Calculate -2 - 2 - (7 + 14 + -11 - 30).
16
What is 15 - (-15 + 14 - -17)?
-1
Calculate -14 + 10 + (-4 - (-11 + -2)).
5
What is the value of -7 + -5 + (4 - -1) - (-5 + 3)?
-5
What is (3816 - 3827) + (-1 + 1 - (-1 - -5))?
-15
What is the value of 11 + (11 - 12 - 7 - -7)?
10
Evaluate 26 - 44 - (2 + -10 - -3).
-13
Evaluate (2 - (-2 - -1) - (41 - 30)) + 27.
19
What is the value of -9 - (-17 + (-14 - -38))?
-16
What is the value of 29 + -20 - (-1 - 2)?
12
Evaluate -39 + (31 - (13 + -51)).
30
25 - (-41 - -6) - 47
13
What is the value of -250 + 276 - (1 + 25)?
0
Calculate (-1 - (3 - 0)) + (5 - -4).
5
Calculate -51 + 5 + 26 + 14.
-6
What is -12 - (-17 - (-7 + 2 - -9))?
9
Calculate 26 + 5 + 33 + -95.
-31
What is 5 - (15 + (-8 - (17 - 0)))?
15
7 + 0 + 5 + -8 + 5 + 12
21
What is (-167 - -167) + (3 - 1 - (-2 + 19))?
-15
Calculate 32 + -10 + -16 - 11.
-5
What is -16 + 4 - ((9 - 14) + -10 - -9)?
-6
Evaluate -4 + (11 - 1 - 6) - -5.
5
Calculate -9 + -1 + (-6 - -5) + 16.
5
Calculate 3 + 19 + -9 + -2 + 3 + -4.
10
What is the value of (2 - 1 - (35 + -44)) + -24?
-14
What is the value of -3 + -2 + 6 + -2 + (-2 - 2)?
-5
What is (9 - (10 - 4 - -4)) + -1 + 0?
-2
What is the value of -5 - (-2 + (6 - 6)) - 6?
-9
(10 + -5 - 8) + 3
0
What is the value of 13 + (-8 - (-14 - -14 - -1))?
4
What is (-4 - (22 + -34)) + -4?
4
What is the value of 20 + 43 + -62 + 12 + -1?
12
(-7 - -12 - -4) + -1
8
Evaluate (-75 + 71 - (-5 + 0)) + (1 - 2).
0
What is -4 + -4 + (-1 - (-2 - (16 + -6)))?
3
Evaluate (40 - (12 - -23)) + (0 - 0 - 18).
-13
Calculate (8 - -9 - (1 - -7)) + -9.
0
Evaluate -4 - (-15 + 11 + (-3 - -8) - 10).
5
What is -7 + -26 + -3 + 48?
12
What is 8 + 7 + -8 - (-1 + 8) - 0?
0
What is the value of -5 + (3 - (5 + (9 - 9)))?
-7
What is 17 + -5 + -2 + (4 - 0) + -2?
12
Evaluate (-4 - (-3 + 5 - 3)) + 2 - -6.
5
What is 14 - (-8 - 0 - -2)?
20
Evaluate 34 + -33 + -3 + -2 + 0.
-4
Evaluate -5 - (0 + -6) - -7.
8
Calculate 10 - ((-10 - -18) + 3 + -2).
1
Calculate (-9 - (-5 - 17)) + (-1 - 5).
7
What is 16 + (-16 - (7 - 13)) - (-5 + 1)?
10
Evaluate 0 - 5 - (-11 + -2 + 22).
-14
What is (76 + -41 - 27) + 10?
18
Calculate 14 - 2 - (76 + -57 + -14).
7
What is the value of -6 + 20 + (-48 - -36)?
2
What is 5 + -2 + -5 + -9?
-11
What is the value of 1 + 2 + (-6 - (-7 - -2))?
2
What is the value of -9 + (1 - -3) + (-2 - -9)?
2
What is (-17 - 0) + 602 + -580?
5
What is (13 - -2